igit of o?
1
Suppose 0*c + 93 = 5*v - 2*c, -5*v + 90 = -5*c. Suppose 0*i - f = 4*i - 53, -f = -2*i + v. Let p = i + 0. What is the units digit of p?
2
Let h = 80 + -54. Let x = h - -18. Suppose 16 = -4*q, -4*t = -0*t + q - x. What is the tens digit of t?
1
Suppose 7 = -5*o + 32. Let q(n) be the first derivative of n**4/4 - 5*n**3/3 + n**2/2 - 2*n + 1. What is the units digit of q(o)?
3
Let a(x) = x**3 + 6*x**2 - 7*x + 10. Let o be a(-7). Let m = o - 5. Suppose -4*g - 5 = -m*g. What is the units digit of g?
5
Let m = -3 - -14. What is the units digit of m?
1
Suppose -19*l = -13*l - 354. What is the units digit of l?
9
Let c be (18 - 5) + (-3 - 0). Let v be ((-6)/5)/((-4)/c). Suppose 3*x - 3*p = 27, -p + 4*p - v = 0. What is the tens digit of x?
1
Suppose -5*p - 11 - 12 = -g, 5*p + 15 = 0. Suppose -v + 5*v - g = 0. Suppose -5*i = v - 7. What is the units digit of i?
1
Let a(l) = -l**3 - 6*l**2 - 2*l - 3. Let q be a(-5). Let f = q + 26. Suppose -f*s = -4*s - 4. What is the units digit of s?
1
Let g be (-3)/(-2) - (-2)/4. Suppose -16 - g = -3*o. Suppose 3*i + 3 = o*i. What is the units digit of i?
1
Let q be 4 - (4 - (8 + -4)). Suppose -2*t = q*t - 90. What is the tens digit of t?
1
Let a be (-2 + 0)/((-4)/6). Let j = 2 + a. Suppose 5*o - j = c + 2, 10 = 4*c - o. What is the units digit of c?
3
Let o(l) be the third derivative of -l**5/60 - 3*l**4/8 - 5*l**3/6 - 2*l**2. Let v be o(-4). What is the units digit of ((-12)/v)/(4/(-30))?
6
Let d(a) = -4*a + 20. What is the tens digit of d(-10)?
6
Suppose 16*f - 15*f = 116. What is the units digit of f?
6
Suppose -3*l + 159 + 57 = 0. What is the units digit of l?
2
Let p be ((-9)/(-6))/((-3)/(-8)). What is the units digit of ((-6)/p)/(6/(-56))?
4
Let z(g) = g**3 + 8*g**2 + 8*g - 2. What is the units digit of z(-6)?
2
Suppose 4*k - c - 21 = k, 45 = 5*k - 5*c. What is the tens digit of -6*k/15*-5?
1
Let p = -225 + 385. What is the hundreds digit of p?
1
Let p(n) = -4*n**3 - 2*n**2 + 1. Let o be p(-1). Suppose -6*t + o*z = -t + 23, 29 = -3*t - 2*z. Let x = -3 - t. What is the units digit of x?
4
Suppose -2*v + 146 = 2*n + 3*n, -2*n + 41 = -5*v. What is the units digit of n?
8
Let q be 1/(-4) - 178/(-8). Suppose 4*t + 4*i = -q + 90, 4*t = -5*i + 70. What is the units digit of t?
5
Let q = 5 - 2. Suppose q = v + 2*c, 4*v - 5*c + 3 = 15. Suppose 8 + v = a. What is the tens digit of a?
1
Let q = 14 + 46. Suppose 5*m - m = q. What is the tens digit of m?
1
Suppose u + 2 = 5*r, -5*u - 6*r + 20 = -r. Let s(i) = 0*i**3 - 5 - i + i**u - 4*i - 5*i**2. What is the units digit of s(6)?
1
Suppose -q + 480 = 19. What is the hundreds digit of q?
4
Let i(v) = v**2 + v + 5. Let k be i(-5). Let p = k - 17. What is the units digit of p?
8
Let d(s) = 13*s**2 - 14*s**2 + 13 - 3. Let v be (-8)/12 - (-2)/3. What is the tens digit of d(v)?
1
What is the tens digit of (((-10)/(-15))/2)/((-2)/(-2358))?
9
Let g be (2/(-6))/((-5)/15). Let p = g + 1. Let b = p + 5. What is the units digit of b?
7
What is the units digit of 1/(-1) - 684/(-18)?
7
Let h = -38 + 24. Suppose -62 = -3*g + 37. Let v = g + h. What is the units digit of v?
9
Let j be 3516/(-42) + 2/(-7). Let k be 4/(-10) + j/(-10). Suppose -k + 38 = 5*z. What is the units digit of z?
6
Let o(d) = -d - 6. Let a be o(-7). What is the tens digit of (a - -16) + 6/2?
2
Let x(l) = 6*l - 2. Let r be x(-6). Let j be (-18)/24 + r/(-8). Suppose 0*i + 72 = j*i. What is the tens digit of i?
1
Let o(n) = n**3 + 4*n**2 - 3. Let w be o(3). Suppose -5*f + w = -115. What is the tens digit of f?
3
Suppose 0 = -5*g + 191 - 41. Suppose 3*u = -2*u + g. What is the units digit of u?
6
Let k(j) be the second derivative of -j**5/20 - j**4/12 + j**3/3 - 3*j**2/2 + 2*j. What is the tens digit of k(-4)?
3
Let n(b) be the second derivative of -1/3*b**3 + b + 0 - 7/2*b**2. What is the units digit of n(-9)?
1
Let s = 65 + 13. What is the units digit of s?
8
Suppose -2*f + 10 = -32. What is the units digit of f?
1
Let n be 1/(-3 + 13/4). Let f(p) = 4 + p**2 - 3*p - 3 + 2. What is the units digit of f(n)?
7
Let o be (2 + 18)/(1 - 2). What is the units digit of (45/o)/((-3)/8)?
6
Let a be (-3 - (-3)/6)*-2. Let p = -6 + a. What is the units digit of (-12 + 1)*p - 2?
9
Suppose -29*o = -23*o - 1008. What is the hundreds digit of o?
1
Let d = 25 + -48. Let s be (1 - 12/3)*d. What is the units digit of 4/(-14) + s/21?
3
Let k = -50 + 129. What is the units digit of k?
9
Suppose -5*d + 14 + 1 = x, -2*d = -6. Let m = x + 1. What is the units digit of m?
1
Let d = 25 - 13. Suppose -j + d = -12. What is the units digit of j?
4
Let t = -21 + 33. What is the units digit of t?
2
Suppose 3*a - 123 = 3*g, -a = 4*a - 3*g - 197. What is the tens digit of a?
3
Let y = 6 - 1. Let v = y - -5. What is the tens digit of v?
1
Let k be (-3 + 1)/(-1 - 0). Suppose 120 = 9*o - 4*o. Suppose k*s = -0*s + o. What is the tens digit of s?
1
Let d(u) = 34*u. Let m(l) = -2449*l. Let q(i) = 217*d(i) + 3*m(i). What is the tens digit of q(1)?
3
Suppose 26 = -5*u + 76. What is the tens digit of u?
1
Let k = 7 - 5. Suppose -k = -y + 1. Suppose 4*z - y = 29. What is the units digit of z?
8
Let z = 15 - 17. What is the tens digit of 381/9 - z/(-6)?
4
Let b(f) = f**2 + 10*f + 9. Let n be b(-9). Suppose 32 = 5*h + 2*q - n*q, q - 36 = -5*h. What is the units digit of h?
8
Let j = 1 + 2. Suppose -3 - 6 = -j*i. Suppose -c = i*c - 20. What is the units digit of c?
5
What is the units digit of (-6)/(-21)*-1 + (-1390)/(-14)?
9
Let a be (-3)/(-1 + 0 + 0). Let g be 66/18 + (-2)/a. Let z = g + -2. What is the units digit of z?
1
Suppose 3302 = 10*j + 152. What is the tens digit of j?
1
Suppose -2*w = -5*w - 5*h + 723, -4*w = 4*h - 972. What is the hundreds digit of w?
2
Let c = -1 - -17. Suppose 0 = -j + c + 21. What is the tens digit of j?
3
Suppose -2*i + 122 = -3*t, 4*i - 233 - 33 = -5*t. What is the tens digit of i?
6
Suppose 5*y - 131 = -3*s, s - 41 = 3*y + 26. What is the tens digit of s?
5
Let g = 0 + 5. Let l = -2 + g. Suppose -2*b = l*z - 5, 18 + 2 = 3*z - b. What is the units digit of z?
5
Let i = 8 + -5. Let r(f) = -f**3 + 5*f**2 - 3*f + 3. What is the tens digit of r(i)?
1
What is the units digit of (262/(-2) + (-3 - 1))/(-1)?
5
Let k = 6 - 16. Let u = 5 + k. Let c(z) = z**3 + 6*z**2 + 3*z - 7. What is the units digit of c(u)?
3
Let f(i) = -i**2 + 3*i - 1. Suppose -3 = 3*m, 0 = -4*h + m + 35 + 10. Let n = h - 9. What is the units digit of f(n)?
1
Let y(u) = 2*u**2 + 13*u - 6. What is the tens digit of y(-10)?
6
Let g(t) = -t + 4*t**2 + 0*t - t + t**2. Let j be g(-2). Suppose 2*v - j = -5*s, 0 = 4*s + 2*v - v - 18. What is the units digit of s?
4
Suppose 22*c - 1070 = 17*c. What is the units digit of c?
4
Let w(d) = -12*d - 1. Let l be w(-2). Suppose 0 = -2*r + 5*a + l, -5*r - 5*a + 3 + 2 = 0. What is the units digit of r?
4
Suppose 0 = g - 29 - 33. What is the units digit of g?
2
Suppose 11 = -3*r + 2. Let k = -1 - r. What is the units digit of ((-21)/(-9) - k)*6?
2
Suppose 3*h - 4*h + 59 = o, -3*o = 4*h - 175. What is the tens digit of o?
6
What is the hundreds digit of (-1)/(6/(-92))*(-27)/(-3)?
1
What is the tens digit of (-8 - (6 + -12)) + 4*19?
7
Suppose 63 = 2*b - 5*b. What is the units digit of 2/(-6) + (-70)/b?
3
Let s = -37 - -115. What is the tens digit of (-4)/(-4 - s/(-21))?
1
Let k(g) = -g + 4. Let d be k(2). What is the units digit of 4/(-10)*(-50)/d?
0
Suppose -2*s + 3*s = -g + 12, -2*g + 12 = s. Suppose -2*u + 5*u = s. Suppose -2*j = -u*y - 22, 9 = y - 4*y. What is the units digit of j?
5
Suppose 8 = 4*j - 3*j. Let k(y) = 2*y - 12. Let n be k(j). Suppose -q = n*q - 35. What is the units digit of q?
7
Let w(g) = -2*g + 8. Let a be w(7). Let f = -10 - a. Let m = f - -12. What is the units digit of m?
8
Let x be 2 - 4/(8/6). Let u = 10 + x. Let r = u - -7. What is the tens digit of r?
1
Suppose -4*u - 180 + 1272 = 0. What is the tens digit of u?
7
Let k(b) = -b**3 - 7*b**2 - 8*b - 5. Let o be -5 + -1*(3 - 2). Let r be k(o). Suppose 2*a - r*a + 40 = 0. What is the units digit of a?
8
Let q be ((-9)/3)/3*-1. What is the tens digit of ((2 - q) + 49)/2?
2
Let o be ((-4)/5)/(12/(-1350)). Let t = o + -64. What is the units digit of t?
6
Suppose 3*o + 0*o - 62 = -5*v, 4*o = -4*v + 88. What is the units digit of o?
4
Suppose 0 = -4*t - 2